
What is the ten thousands digit of 2612268?
1
What is the hundreds digit of 17832?
8
What is the hundreds digit of 1135508?
5
What is the thousands digit of 729241?
9
What is the ten thousands digit of 1452244?
5
What is the millions digit of 21488158?
1
What is the millions digit of 8540786?
8
What is the thousands digit of 236301?
6
What is the ten thousands digit of 1258346?
5
What is the units digit of 795900?
0
What is the hundreds digit of 2579261?
2
What is the thousands digit of 268435?
8
What is the units digit of 330785?
5
What is the millions digit of 2741990?
2
What is the millions digit of 1735801?
1
What is the ten thousands digit of 2153825?
5
What is the thousands digit of 2475781?
5
What is the ten thousands digit of 164860?
6
What is the hundreds digit of 1947769?
7
What is the ten thousands digit of 29432341?
3
What is the millions digit of 19123535?
9
What is the hundreds digit of 223846?
8
What is the tens digit of 1534642?
4
What is the hundreds digit of 68264?
2
What is the units digit of 37013?
3
What is the hundred thousands digit of 12082131?
0
What is the hundred thousands digit of 601705?
6
What is the millions digit of 5975644?
5
What is the tens digit of 170401?
0
What is the millions digit of 2989601?
2
What is the millions digit of 5440363?
5
What is the tens digit of 545061?
6
What is the millions digit of 16221979?
6
What is the tens digit of 868039?
3
What is the millions digit of 11804248?
1
What is the ten thousands digit of 1280000?
8
What is the hundred thousands digit of 284006?
2
What is the hundreds digit of 21083717?
7
What is the hundreds digit of 396586?
5
What is the tens digit of 901647?
4
What is the thousands digit of 743857?
3
What is the thousands digit of 336694?
6
What is the tens digit of 378213?
1
What is the ten thousands digit of 376158?
7
What is the units digit of 758180?
0
What is the millions digit of 1539249?
1
What is the thousands digit of 423753?
3
What is the ten thousands digit of 1067621?
6
What is the hundreds digit of 4138655?
6
What is the thousands digit of 11463543?
3
What is the hundred thousands digit of 3946469?
9
What is the millions digit of 16602724?
6
What is the ten thousands digit of 6429153?
2
What is the hundred thousands digit of 524419?
5
What is the ten thousands digit of 1776536?
7
What is the thousands digit of 242248?
2
What is the thousands digit of 4911538?
1
What is the tens digit of 457521?
2
What is the hundred thousands digit of 12991730?
9
What is the units digit of 6239540?
0
What is the ten millions digit of 14991256?
1
What is the tens digit of 14224593?
9
What is the units digit of 2595544?
4
What is the hundreds digit of 692372?
3
What is the thousands digit of 22820?
2
What is the units digit of 497827?
7
What is the hundreds digit of 3333564?
5
What is the hundred thousands digit of 18490142?
4
What is the hundreds digit of 6334859?
8
What is the tens digit of 44211?
1
What is the millions digit of 1204616?
1
What is the units digit of 117789?
9
What is the tens digit of 49917?
1
What is the hundreds digit of 3627868?
8
What is the hundreds digit of 89026?
0
What is the hundred thousands digit of 25371103?
3
What is the ten thousands digit of 3592589?
9
What is the hundreds digit of 234998?
9
What is the hundred thousands digit of 2135048?
1
What is the hundreds digit of 431725?
7
What is the ten thousands digit of 107595?
0
What is the tens digit of 285648?
4
What is the tens digit of 556922?
2
What is the tens digit of 618712?
1
What is the units digit of 3402489?
9
What is the hundred thousands digit of 315421?
3
What is the tens digit of 911623?
2
What is the ten thousands digit of 196810?
9
What is the ten thousands digit of 815240?
1
What is the ten thousands digit of 195261?
9
What is the tens digit of 423821?
2
What is the millions digit of 1463270?
1
What is the units digit of 8858?
8
What is the ten thousands digit of 73896?
7
What is the tens digit of 1026556?
5
What is the tens digit of 2025692?
9
What is the hundreds digit of 1286330?
3
What is the tens digit of 21682164?
6
What is the ten thousands digit of 1959513?
5
What is the units digit of 262855?
5
What is the tens digit of 1228625?
2
What is the thousands digit of 697409?
7
What is the hundred thousands digit of 2066361?
0
What is the units digit of 812471?
1
What is the ten thousands digit of 4068502?
6
What is the units digit of 750262?
2
What is the thousands digit of 363550?
3
What is the hundred thousands digit of 22123639?
1
What is the ten thousands digit of 2230395?
3
What is the tens digit of 1128730?
3
What is the units digit of 38027?
7
What is the tens digit of 139301?
0
What is the units digit of 2165628?
8
What is the tens digit of 1249998?
9
What is the hundreds digit of 11342299?
2
What is the thousands digit of 816415?
6
What is the thousands digit of 1014106?
4
What is the hundreds digit of 752773?
7
What is the ten thousands digit of 221713?
2
What is the tens digit of 72961?
6
What is the hundred thousands digit of 798003?
7
What is the units digit of 593148?
8
What is the units digit of 977868?
8
What is the tens digit of 141435?
3
What is the hundred thousands digit of 517175?
5
What is the units digit of 117009?
9
What is the millions digit of 6276030?
6
What is the tens digit of 239803?
0
What is the hundred thousands digit of 6418703?
4
What is the hundred thousands digit of 785340?
7
What is the units digit of 182547?
7
What is the units digit of 10238101?
1
What is the tens digit of 8313350?
5
What is the hundred thousands digit of 16240828?
2
What is the ten millions digit of 19808901?
1
What is the ten thousands digit of 3052829?
5
What is the ten thousands digit of 284778?
8
What is the tens digit of 342723?
2
What is the hundred thousands digit of 515931?
5
What is the millions digit of 8148703?
8
What is the units digit of 15087718?
8
What is the hundreds digit of 1396327?
3
What is the tens digit of 7510?
1
What is the hundred thousands digit of 756965?
7
What is the ten thousands digit of 872022?
7
What is the tens digit of 7301467?
6
What is the ten thousands digit of 267948?
6
What is the units digit of 23987?
7
What is the hundreds digit of 509088?
0
What is the hundreds digit of 1823150?
1
What is the units digit of 2921398?
8
What is the units digit of 1662359?
9
What is the tens digit of 39289?
8
What is the ten thousands digit of 83329?
8
What is the thousands digit of 53925?
3
What is the hundreds digit of 1173778?
7
What is the tens digit of 366271?
7
What is the hundreds digit of 1392598?
5
What is the hundred thousands digit of 199539?
1
What is the units digit of 329276?
6
What is the tens digit of 293352?
5
What is the thousands digit of 609332?
9
What is the units digit of 148071?
1
What is the hundred thousands digit of 1686586?
6
What is the ten thousands digit of 23121890?
2
What is the hundred thousands digit of 263051?
2
What is the hundred thousands digit of 375180?
3
What is the ten thousands digit of 839952?
3
What is the ten thousands digit of 2523927?
2
What is the units digit of 1727737?
7
What is the ten thousands digit of 3422855?
2
What is the ten thousands digit of 90328?
9
What is the tens digit of 10248858?
5
What is the units digit of 19947056?
6
What is the units digit of 137089?
9
What is the thousands digit of 969417?
9
What is the tens digit of 97645?
4
What is the units digit of 5880139?
9
What is the hundred thousands digit of 333498?
3
What is the ten thousands digit of 57245?
5
What is the hundreds digit of 178929?
9
What is the hundred thousands digit of 1079577?
0
What is the units digit of 225033?
3
What is the millions digit of 4790464?
4
What is the tens digit of 537877?
7
What is the units digit of 486221?
1
What is the units digit of 593862?
2
What is the thousands digit of 1330500?
0
What is the thousands digit of 18687176?
7
What is the hundreds digit of 69069?
0
What is the millions digit of 2206487?
2
What is the hundreds digit of 14475004?
0
What is the hundreds digit of 5729862?
8
What is the ten thousands digit of 432864?
3
What is the tens digit of 1108341?
4
What is the thousands digit of 3380977?
0
What is the units digit of 404039?
9
What is the tens digit of 8948545?
4
What